[INFO] cloning repository https://github.com/donachys/pawn_fight
[INFO] running `Command { std: "git" "-c" "credential.helper=" "-c" "credential.helper=/workspace/cargo-home/bin/git-credential-null" "clone" "--bare" "https://github.com/donachys/pawn_fight" "/workspace/cache/git-repos/https%3A%2F%2Fgithub.com%2Fdonachys%2Fpawn_fight", kill_on_drop: false }`
[INFO] [stderr] Cloning into bare repository '/workspace/cache/git-repos/https%3A%2F%2Fgithub.com%2Fdonachys%2Fpawn_fight'...
[INFO] running `Command { std: "git" "rev-parse" "HEAD", kill_on_drop: false }`
[INFO] [stdout] 91a12ddb4bd4d3d8e97aba3d26c11c5b8604d835
[INFO] building donachys/pawn_fight against master#881c1ac408d93bb7adaa3a51dabab9266e82eee8 for issue-85264
[INFO] running `Command { std: "git" "clone" "/workspace/cache/git-repos/https%3A%2F%2Fgithub.com%2Fdonachys%2Fpawn_fight" "/workspace/builds/worker-6/source", kill_on_drop: false }`
[INFO] [stderr] Cloning into '/workspace/builds/worker-6/source'...
[INFO] [stderr] done.
[INFO] validating manifest of git repo https://github.com/donachys/pawn_fight on toolchain 881c1ac408d93bb7adaa3a51dabab9266e82eee8
[INFO] running `Command { std: "/workspace/cargo-home/bin/cargo" "+881c1ac408d93bb7adaa3a51dabab9266e82eee8" "metadata" "--manifest-path" "Cargo.toml" "--no-deps", kill_on_drop: false }`
[INFO] started tweaking git repo https://github.com/donachys/pawn_fight
[INFO] finished tweaking git repo https://github.com/donachys/pawn_fight
[INFO] tweaked toml for git repo https://github.com/donachys/pawn_fight written to /workspace/builds/worker-6/source/Cargo.toml
[INFO] crate git repo https://github.com/donachys/pawn_fight already has a lockfile, it will not be regenerated
[INFO] running `Command { std: "/workspace/cargo-home/bin/cargo" "+881c1ac408d93bb7adaa3a51dabab9266e82eee8" "fetch" "--manifest-path" "Cargo.toml", kill_on_drop: false }`
[INFO] [stderr]  Downloading crates ...
[INFO] [stderr] warning: spurious network error (2 tries remaining): [92] Stream error in the HTTP/2 framing layer (HTTP/2 stream 27 was not closed cleanly before end of the underlying stream)
[INFO] [stderr] warning: spurious network error (2 tries remaining): [35] SSL connect error (OpenSSL SSL_connect: Connection reset by peer in connection to crates.io:443 )
[INFO] [stderr]   Downloaded piston-float v0.2.0
[INFO] [stderr]   Downloaded flate2 v0.2.14
[INFO] [stderr]   Downloaded sdl2-sys v0.24.0
[INFO] [stderr]   Downloaded sdl2 v0.24.0
[INFO] [stderr]   Downloaded phf_generator v0.7.19
[INFO] [stderr]   Downloaded phf_shared v0.7.19
[INFO] [stderr]   Downloaded daggy v0.4.1
[INFO] [stderr]   Downloaded serde v0.8.17
[INFO] [stderr]   Downloaded gleam v0.2.24
[INFO] [stderr]   Downloaded conrod v0.44.1
[INFO] [stderr]   Downloaded piston-shaders_graphics2d v0.2.1
[INFO] [stderr]   Downloaded num_cpus v1.1.0
[INFO] [stderr]   Downloaded jpeg-decoder v0.1.8
[INFO] [stderr]   Downloaded miniz-sys v0.1.7
[INFO] [stderr]   Downloaded gfx_device_gl v0.11.2
[INFO] [stderr]   Downloaded draw_state v0.6.0
[INFO] [stderr]   Downloaded odds v0.2.24
[INFO] [stderr]   Downloaded image v0.10.3
[INFO] [stderr]   Downloaded vecmath v0.2.0
[INFO] [stderr]   Downloaded libc v0.2.17
[INFO] [stderr]   Downloaded phf v0.7.19
[INFO] [stderr]   Downloaded gfx v0.12.1
[INFO] [stderr]   Downloaded pistoncore-glutin_window v0.29.0
[INFO] [stderr]   Downloaded x11-dl v2.11.0
[INFO] [stderr]   Downloaded phf_codegen v0.7.19
[INFO] [stderr]   Downloaded piston-viewport v0.2.0
[INFO] [stderr]   Downloaded num-complex v0.1.35
[INFO] [stderr]   Downloaded pistoncore-input v0.14.0
[INFO] [stderr]   Downloaded piston_window v0.52.0
[INFO] [stderr]   Downloaded gcc v0.3.38
[INFO] [stderr]   Downloaded pistoncore-window v0.22.1
[INFO] [stderr]   Downloaded piston-shaders_graphics2d v0.1.0
[INFO] [stderr]   Downloaded pistoncore-window v0.23.0
[INFO] [stderr]   Downloaded piston v0.25.1
[INFO] [stderr]   Downloaded piston2d-shapes v0.12.0
[INFO] [stderr]   Downloaded pistoncore-event_loop v0.25.1
[INFO] [stderr]   Downloaded piston2d-gfx_graphics v0.31.2
[INFO] [stderr]   Downloaded piston2d-drag_controller v0.15.0
[INFO] [stderr]   Downloaded gfx_core v0.4.0
[INFO] [stderr]   Downloaded piston-gfx_texture v0.17.0
[INFO] [stderr]   Downloaded petgraph v0.2.9
[INFO] [stderr]   Downloaded piston2d-graphics v0.17.3
[INFO] [stderr]   Downloaded fixedbitset v0.1.5
[INFO] [stderr]   Downloaded pistoncore-event_loop v0.26.0
[INFO] [stderr]   Downloaded pistoncore-sdl2_window v0.36.0
[INFO] [stderr]   Downloaded rayon v0.5.0
[INFO] [stderr]   Downloaded piston v0.26.0
[INFO] [stderr]   Downloaded piston2d-graphics v0.18.1
[INFO] [stderr]   Downloaded piston2d-opengl_graphics v0.35.0
[INFO] running `Command { std: "docker" "create" "-v" "/var/lib/crater-agent-workspace/builds/worker-6/target:/opt/rustwide/target:rw,Z" "-v" "/var/lib/crater-agent-workspace/builds/worker-6/source:/opt/rustwide/workdir:ro,Z" "-v" "/var/lib/crater-agent-workspace/cargo-home:/opt/rustwide/cargo-home:ro,Z" "-v" "/var/lib/crater-agent-workspace/rustup-home:/opt/rustwide/rustup-home:ro,Z" "-e" "SOURCE_DIR=/opt/rustwide/workdir" "-e" "CARGO_TARGET_DIR=/opt/rustwide/target" "-e" "CARGO_HOME=/opt/rustwide/cargo-home" "-e" "RUSTUP_HOME=/opt/rustwide/rustup-home" "-w" "/opt/rustwide/workdir" "-m" "1610612736" "--user" "0:0" "--network" "none" "ghcr.io/rust-lang/crates-build-env/linux@sha256:20528e8c29e4536546f0102ce88568b16ea7538393a33fcca951030f7af10457" "/opt/rustwide/cargo-home/bin/cargo" "+881c1ac408d93bb7adaa3a51dabab9266e82eee8" "metadata" "--no-deps" "--format-version=1", kill_on_drop: false }`
[INFO] [stdout] 52847d53ff19e096db89e180a646af7d046eed85a651a4ae3332c3b72a2e0a6e
[INFO] [stderr] WARNING: Your kernel does not support swap limit capabilities or the cgroup is not mounted. Memory limited without swap.
[INFO] running `Command { std: "docker" "start" "-a" "52847d53ff19e096db89e180a646af7d046eed85a651a4ae3332c3b72a2e0a6e", kill_on_drop: false }`
[INFO] running `Command { std: "docker" "inspect" "52847d53ff19e096db89e180a646af7d046eed85a651a4ae3332c3b72a2e0a6e", kill_on_drop: false }`
[INFO] running `Command { std: "docker" "rm" "-f" "52847d53ff19e096db89e180a646af7d046eed85a651a4ae3332c3b72a2e0a6e", kill_on_drop: false }`
[INFO] [stdout] 52847d53ff19e096db89e180a646af7d046eed85a651a4ae3332c3b72a2e0a6e
[INFO] running `Command { std: "docker" "create" "-v" "/var/lib/crater-agent-workspace/builds/worker-6/target:/opt/rustwide/target:rw,Z" "-v" "/var/lib/crater-agent-workspace/builds/worker-6/source:/opt/rustwide/workdir:ro,Z" "-v" "/var/lib/crater-agent-workspace/cargo-home:/opt/rustwide/cargo-home:ro,Z" "-v" "/var/lib/crater-agent-workspace/rustup-home:/opt/rustwide/rustup-home:ro,Z" "-e" "SOURCE_DIR=/opt/rustwide/workdir" "-e" "CARGO_TARGET_DIR=/opt/rustwide/target" "-e" "CARGO_INCREMENTAL=0" "-e" "RUST_BACKTRACE=full" "-e" "RUSTFLAGS=--cap-lints=forbid" "-e" "CARGO_HOME=/opt/rustwide/cargo-home" "-e" "RUSTUP_HOME=/opt/rustwide/rustup-home" "-w" "/opt/rustwide/workdir" "-m" "1610612736" "--user" "0:0" "--network" "none" "ghcr.io/rust-lang/crates-build-env/linux@sha256:20528e8c29e4536546f0102ce88568b16ea7538393a33fcca951030f7af10457" "/opt/rustwide/cargo-home/bin/cargo" "+881c1ac408d93bb7adaa3a51dabab9266e82eee8" "build" "--frozen" "--message-format=json", kill_on_drop: false }`
[INFO] [stdout] 5088a84281372247f95dbd4adb048574efbfbe85d07f4ed93d174569f16b2034
[INFO] [stderr] WARNING: Your kernel does not support swap limit capabilities or the cgroup is not mounted. Memory limited without swap.
[INFO] running `Command { std: "docker" "start" "-a" "5088a84281372247f95dbd4adb048574efbfbe85d07f4ed93d174569f16b2034", kill_on_drop: false }`
[INFO] [stderr]    Compiling libc v0.2.17
[INFO] [stderr]    Compiling bitflags v0.7.0
[INFO] [stderr]    Compiling num-traits v0.1.36
[INFO] [stderr]    Compiling rustc-serialize v0.3.19
[INFO] [stderr]    Compiling log v0.3.6
[INFO] [stderr]    Compiling piston-float v0.2.0
[INFO] [stderr]    Compiling phf_shared v0.7.19
[INFO] [stderr]    Compiling winapi-build v0.1.1
[INFO] [stderr]    Compiling khronos_api v1.0.0
[INFO] [stderr]    Compiling lazy_static v0.2.1
[INFO] [stderr]    Compiling winapi v0.2.8
[INFO] [stderr]    Compiling itoa v0.1.1
[INFO] [stderr]    Compiling serde v0.8.17
[INFO] [stderr]    Compiling dtoa v0.2.2
[INFO] [stderr]    Compiling shader_version v0.2.1
[INFO] [stderr]    Compiling gcc v0.3.38
[INFO] [stderr]    Compiling bitflags v0.6.0
[INFO] [stderr]    Compiling byteorder v0.5.3
[INFO] [stderr]    Compiling semver v0.1.20
[INFO] [stderr]    Compiling lazy_static v0.1.16
[INFO] [stderr]    Compiling piston-texture v0.5.0
[INFO] [stderr]    Compiling lzw v0.10.0
[INFO] [stdout] error[E0642]: patterns aren't allowed in functions without bodies
[INFO] [stdout]    --> /opt/rustwide/cargo-home/registry/src/github.com-1ecc6299db9ec823/rustc-serialize-0.3.19/src/serialize.rs:147:45
[INFO] [stdout]     |
[INFO] [stdout] 147 | ...                   &f_name: &str,
[INFO] [stdout]     |                       ^^^^^^^ pattern not allowed in function without body
[INFO] [stdout] 
[INFO] [stdout] 
[INFO] [stderr]    Compiling pkg-config v0.3.8
[INFO] [stderr]    Compiling inflate v0.1.1
[INFO] [stderr]    Compiling color_quant v1.0.0
[INFO] [stderr]    Compiling odds v0.2.24
[INFO] [stderr]    Compiling crossbeam v0.2.10
[INFO] [stderr]    Compiling read_color v0.1.0
[INFO] [stderr]    Compiling interpolation v0.1.0
[INFO] [stderr]    Compiling byteorder v0.4.2
[INFO] [stderr]    Compiling scoped_threadpool v0.1.7
[INFO] [stderr]    Compiling glob v0.2.11
[INFO] [stderr]    Compiling linked-hash-map v0.0.10
[INFO] [stderr]    Compiling sdl2-sys v0.24.0
[INFO] [stderr]    Compiling piston-shaders_graphics2d v0.2.1
[INFO] [stderr]    Compiling fixedbitset v0.1.5
[INFO] [stderr]    Compiling piston-shaders_graphics2d v0.1.0
[INFO] [stderr]    Compiling fnv v1.0.5
[INFO] [stderr]    Compiling itertools v0.4.19
[INFO] [stderr]    Compiling xml-rs v0.3.4
[INFO] [stderr]    Compiling piston-viewport v0.2.0
[INFO] [stderr]    Compiling vecmath v0.2.0
[INFO] [stderr]    Compiling draw_state v0.6.0
[INFO] [stderr]    Compiling phf v0.7.19
[INFO] [stderr]    Compiling kernel32-sys v0.2.2
[INFO] [stderr]    Compiling gif v0.9.0
[INFO] [stderr]    Compiling stb_truetype v0.2.0
[INFO] [stderr]    Compiling rand v0.3.14
[INFO] [stderr]    Compiling num_cpus v1.1.0
[INFO] [stderr]    Compiling shared_library v0.1.5
[INFO] [stderr]    Compiling rustc_version v0.1.7
[INFO] [stderr]    Compiling nodrop v0.1.8
[INFO] [stderr]    Compiling num-integer v0.1.32
[INFO] [stderr]    Compiling petgraph v0.2.9
[INFO] [stderr]    Compiling x11-dl v2.11.0
[INFO] [stderr]    Compiling osmesa-sys v0.1.2
[INFO] [stderr]    Compiling gfx_core v0.4.0
[INFO] [stderr]    Compiling piston2d-graphics v0.17.3
[INFO] [stderr]    Compiling piston2d-graphics v0.18.1
[INFO] [stderr]    Compiling arrayvec v0.3.20
[INFO] [stderr]    Compiling miniz-sys v0.1.7
[INFO] [stdout] error: aborting due to previous error
[INFO] [stdout] 
[INFO] [stdout] 
[INFO] [stdout] For more information about this error, try `rustc --explain E0642`.
[INFO] [stdout] 
[INFO] [stderr] error: could not compile `rustc-serialize`
[INFO] [stderr] 
[INFO] [stderr] To learn more, run the command again with --verbose.
[INFO] [stderr] warning: build failed, waiting for other jobs to finish...
[INFO] [stdout] error[E0034]: multiple applicable items in scope
[INFO] [stdout]    --> /opt/rustwide/cargo-home/registry/src/github.com-1ecc6299db9ec823/petgraph-0.2.9/src/graph.rs:421:21
[INFO] [stdout]     |
[INFO] [stdout] 421 |         assert!(Ix::max().index() == !0 || NodeIndex::end() != node_idx);
[INFO] [stdout]     |                     ^^^ multiple `max` found
[INFO] [stdout]     |
[INFO] [stdout] note: candidate #1 is defined in the trait `IndexType`
[INFO] [stdout]    --> /opt/rustwide/cargo-home/registry/src/github.com-1ecc6299db9ec823/petgraph-0.2.9/src/graph.rs:31:5
[INFO] [stdout]     |
[INFO] [stdout] 31  |     fn max() -> Self;
[INFO] [stdout]     |     ^^^^^^^^^^^^^^^^^
[INFO] [stdout] note: candidate #2 is defined in the trait `Ord`
[INFO] [stdout] help: disambiguate the associated function for candidate #1
[INFO] [stdout]     |
[INFO] [stdout] 421 |         assert!(IndexType::max().index() == !0 || NodeIndex::end() != node_idx);
[INFO] [stdout]     |                 ^^^^^^^^^^^^^^
[INFO] [stdout] help: disambiguate the associated function for candidate #2
[INFO] [stdout]     |
[INFO] [stdout] 421 |         assert!(Ord::max().index() == !0 || NodeIndex::end() != node_idx);
[INFO] [stdout]     |                 ^^^^^^^^
[INFO] [stdout] 
[INFO] [stdout] 
[INFO] [stdout] error[E0308]: mismatched types
[INFO] [stdout]    --> /opt/rustwide/cargo-home/registry/src/github.com-1ecc6299db9ec823/petgraph-0.2.9/src/graph.rs:421:38
[INFO] [stdout]     |
[INFO] [stdout] 374 | impl<N, E, Ty, Ix> Graph<N, E, Ty, Ix>
[INFO] [stdout]     |                -- this type parameter
[INFO] [stdout] ...
[INFO] [stdout] 421 |         assert!(Ix::max().index() == !0 || NodeIndex::end() != node_idx);
[INFO] [stdout]     |                                      ^^ expected type parameter `Ix`, found integer
[INFO] [stdout]     |
[INFO] [stdout]     = note: expected type parameter `Ix`
[INFO] [stdout]                          found type `{integer}`
[INFO] [stdout] 
[INFO] [stdout] 
[INFO] [stdout] error[E0034]: multiple applicable items in scope
[INFO] [stdout]    --> /opt/rustwide/cargo-home/registry/src/github.com-1ecc6299db9ec823/petgraph-0.2.9/src/graph.rs:458:21
[INFO] [stdout]     |
[INFO] [stdout] 458 |         assert!(Ix::max().index() == !0 || EdgeIndex::end() != edge_idx);
[INFO] [stdout]     |                     ^^^ multiple `max` found
[INFO] [stdout]     |
[INFO] [stdout] note: candidate #1 is defined in the trait `IndexType`
[INFO] [stdout]    --> /opt/rustwide/cargo-home/registry/src/github.com-1ecc6299db9ec823/petgraph-0.2.9/src/graph.rs:31:5
[INFO] [stdout]     |
[INFO] [stdout] 31  |     fn max() -> Self;
[INFO] [stdout]     |     ^^^^^^^^^^^^^^^^^
[INFO] [stdout] note: candidate #2 is defined in the trait `Ord`
[INFO] [stdout] help: disambiguate the associated function for candidate #1
[INFO] [stdout]     |
[INFO] [stdout] 458 |         assert!(IndexType::max().index() == !0 || EdgeIndex::end() != edge_idx);
[INFO] [stdout]     |                 ^^^^^^^^^^^^^^
[INFO] [stdout] help: disambiguate the associated function for candidate #2
[INFO] [stdout]     |
[INFO] [stdout] 458 |         assert!(Ord::max().index() == !0 || EdgeIndex::end() != edge_idx);
[INFO] [stdout]     |                 ^^^^^^^^
[INFO] [stdout] 
[INFO] [stdout] 
[INFO] [stdout] error[E0308]: mismatched types
[INFO] [stdout]    --> /opt/rustwide/cargo-home/registry/src/github.com-1ecc6299db9ec823/petgraph-0.2.9/src/graph.rs:458:38
[INFO] [stdout]     |
[INFO] [stdout] 374 | impl<N, E, Ty, Ix> Graph<N, E, Ty, Ix>
[INFO] [stdout]     |                -- this type parameter
[INFO] [stdout] ...
[INFO] [stdout] 458 |         assert!(Ix::max().index() == !0 || EdgeIndex::end() != edge_idx);
[INFO] [stdout]     |                                      ^^ expected type parameter `Ix`, found integer
[INFO] [stdout]     |
[INFO] [stdout]     = note: expected type parameter `Ix`
[INFO] [stdout]                          found type `{integer}`
[INFO] [stdout] 
[INFO] [stdout] 
[INFO] [stdout] error: aborting due to 4 previous errors
[INFO] [stdout] 
[INFO] [stdout] 
[INFO] [stdout] Some errors have detailed explanations: E0034, E0308.
[INFO] [stdout] 
[INFO] [stdout] For more information about an error, try `rustc --explain E0034`.
[INFO] [stdout] 
[INFO] [stderr] error: build failed
[INFO] running `Command { std: "docker" "inspect" "5088a84281372247f95dbd4adb048574efbfbe85d07f4ed93d174569f16b2034", kill_on_drop: false }`
[INFO] running `Command { std: "docker" "rm" "-f" "5088a84281372247f95dbd4adb048574efbfbe85d07f4ed93d174569f16b2034", kill_on_drop: false }`
[INFO] [stdout] 5088a84281372247f95dbd4adb048574efbfbe85d07f4ed93d174569f16b2034
